{"id":786,"date":"2022-10-12T21:57:03","date_gmt":"2022-10-12T21:57:03","guid":{"rendered":"https:\/\/marketingdorivadepaula.com.br\/?page_id=786"},"modified":"2023-08-07T20:37:10","modified_gmt":"2023-08-07T20:37:10","slug":"sobre","status":"publish","type":"page","link":"https:\/\/marketingdorivadepaula.com.br\/?page_id=786","title":{"rendered":"SOBRE"},"content":{"rendered":"\n<p>  Se voc\u00ea ainda n\u00e3o me conhece, muito prazer. Sou Jonathan J\u00fanio Da Silva Riva. Em setembro de 2022 resolvi criar este blog! Confesso que o criei, com o objetivo de propagar conhecimentos \u00fateis sobre o marketing e publicidade contempor\u00e2neo, assim consequentemente ajudando o m\u00e1ximo de pessoas poss\u00edveis a sanar suas  d\u00favidas e aumentar suas informa\u00e7\u00f5es sobre este tema.<\/p>\n","protected":false},"excerpt":{"rendered":"<p>Se voc\u00ea ainda n\u00e3o me conhece, muito prazer. Sou Jonathan J\u00fanio Da Silva Riva. Em setembro de 2022 resolvi criar este blog! Confesso que o criei, com o objetivo de propagar conhecimentos \u00fateis sobre o marketing e publicidade contempor\u00e2neo, assim consequentemente ajudando o m\u00e1ximo de pessoas poss\u00edveis a sanar suas d\u00favidas e aumentar suas informa\u00e7\u00f5es &#8230; <a title=\"SOBRE\" class=\"read-more\" href=\"https:\/\/marketingdorivadepaula.com.br\/?page_id=786\" aria-label=\"More on SOBRE\">Ler mais<\/a><\/p>\n","protected":false},"author":1,"featured_media":0,"parent":0,"menu_order":0,"comment_status":"closed","ping_status":"closed","template":"","meta":[],"yoast_head":"<!-- This site is optimized with the Yoast SEO plugin v20.6 - https:\/\/yoast.com\/wordpress\/plugins\/seo\/ -->\n<title>SOBRE - Marketing do Riva de Paula<\/title>\n<meta name=\"robots\" content=\"index, follow, max-snippet:-1, max-image-preview:large, max-video-preview:-1\" \/>\n<link rel=\"canonical\" href=\"https:\/\/marketingdorivadepaula.com.br\/?page_id=786\" \/>\n<meta property=\"og:locale\" content=\"pt_BR\" \/>\n<meta property=\"og:type\" content=\"article\" \/>\n<meta property=\"og:title\" content=\"SOBRE - Marketing do Riva de Paula\" \/>\n<meta property=\"og:description\" content=\"Se voc\u00ea ainda n\u00e3o me conhece, muito prazer. Sou Jonathan J\u00fanio Da Silva Riva. Em setembro de 2022 resolvi criar este blog! Confesso que o criei, com o objetivo de propagar conhecimentos \u00fateis sobre o marketing e publicidade contempor\u00e2neo, assim consequentemente ajudando o m\u00e1ximo de pessoas poss\u00edveis a sanar suas d\u00favidas e aumentar suas informa\u00e7\u00f5es ... Ler mais\" \/>\n<meta property=\"og:url\" content=\"https:\/\/marketingdorivadepaula.com.br\/?page_id=786\" \/>\n<meta property=\"og:site_name\" content=\"Marketing do Riva de Paula\" \/>\n<meta property=\"article:modified_time\" content=\"2023-08-07T20:37:10+00:00\" \/>\n<meta name=\"twitter:card\" content=\"summary_large_image\" \/>\n<meta name=\"twitter:label1\" content=\"Est. tempo de leitura\" \/>\n\t<meta name=\"twitter:data1\" content=\"1 minuto\" \/>\n<script type=\"application\/ld+json\" class=\"yoast-schema-graph\">{\"@context\":\"https:\/\/schema.org\",\"@graph\":[{\"@type\":\"WebPage\",\"@id\":\"https:\/\/marketingdorivadepaula.com.br\/?page_id=786\",\"url\":\"https:\/\/marketingdorivadepaula.com.br\/?page_id=786\",\"name\":\"SOBRE - Marketing do Riva de Paula\",\"isPartOf\":{\"@id\":\"https:\/\/marketingdorivadepaula.com.br\/#website\"},\"datePublished\":\"2022-10-12T21:57:03+00:00\",\"dateModified\":\"2023-08-07T20:37:10+00:00\",\"breadcrumb\":{\"@id\":\"https:\/\/marketingdorivadepaula.com.br\/?page_id=786#breadcrumb\"},\"inLanguage\":\"pt-BR\",\"potentialAction\":[{\"@type\":\"ReadAction\",\"target\":[\"https:\/\/marketingdorivadepaula.com.br\/?page_id=786\"]}]},{\"@type\":\"BreadcrumbList\",\"@id\":\"https:\/\/marketingdorivadepaula.com.br\/?page_id=786#breadcrumb\",\"itemListElement\":[{\"@type\":\"ListItem\",\"position\":1,\"name\":\"In\u00edcio\",\"item\":\"https:\/\/marketingdorivadepaula.com.br\/\"},{\"@type\":\"ListItem\",\"position\":2,\"name\":\"SOBRE\"}]},{\"@type\":\"WebSite\",\"@id\":\"https:\/\/marketingdorivadepaula.com.br\/#website\",\"url\":\"https:\/\/marketingdorivadepaula.com.br\/\",\"name\":\"Marketing do Riva de Paula\",\"description\":\"Blog\",\"publisher\":{\"@id\":\"https:\/\/marketingdorivadepaula.com.br\/#organization\"},\"potentialAction\":[{\"@type\":\"SearchAction\",\"target\":{\"@type\":\"EntryPoint\",\"urlTemplate\":\"https:\/\/marketingdorivadepaula.com.br\/?s={search_term_string}\"},\"query-input\":\"required name=search_term_string\"}],\"inLanguage\":\"pt-BR\"},{\"@type\":\"Organization\",\"@id\":\"https:\/\/marketingdorivadepaula.com.br\/#organization\",\"name\":\"Marketing do Riva de Paula\",\"url\":\"https:\/\/marketingdorivadepaula.com.br\/\",\"logo\":{\"@type\":\"ImageObject\",\"inLanguage\":\"pt-BR\",\"@id\":\"https:\/\/marketingdorivadepaula.com.br\/#\/schema\/logo\/image\/\",\"url\":\"https:\/\/marketingdorivadepaula.com.br\/wp-content\/uploads\/2022\/10\/cropped-logo-original.jpeg\",\"contentUrl\":\"https:\/\/marketingdorivadepaula.com.br\/wp-content\/uploads\/2022\/10\/cropped-logo-original.jpeg\",\"width\":500,\"height\":500,\"caption\":\"Marketing do Riva de Paula\"},\"image\":{\"@id\":\"https:\/\/marketingdorivadepaula.com.br\/#\/schema\/logo\/image\/\"}}]}<\/script>\n<!-- \/ Yoast SEO plugin. -->","yoast_head_json":{"title":"SOBRE - Marketing do Riva de Paula","robots":{"index":"index","follow":"follow","max-snippet":"max-snippet:-1","max-image-preview":"max-image-preview:large","max-video-preview":"max-video-preview:-1"},"canonical":"https:\/\/marketingdorivadepaula.com.br\/?page_id=786","og_locale":"pt_BR","og_type":"article","og_title":"SOBRE - Marketing do Riva de Paula","og_description":"Se voc\u00ea ainda n\u00e3o me conhece, muito prazer. Sou Jonathan J\u00fanio Da Silva Riva. Em setembro de 2022 resolvi criar este blog! Confesso que o criei, com o objetivo de propagar conhecimentos \u00fateis sobre o marketing e publicidade contempor\u00e2neo, assim consequentemente ajudando o m\u00e1ximo de pessoas poss\u00edveis a sanar suas d\u00favidas e aumentar suas informa\u00e7\u00f5es ... Ler mais","og_url":"https:\/\/marketingdorivadepaula.com.br\/?page_id=786","og_site_name":"Marketing do Riva de Paula","article_modified_time":"2023-08-07T20:37:10+00:00","twitter_card":"summary_large_image","twitter_misc":{"Est. tempo de leitura":"1 minuto"},"schema":{"@context":"https:\/\/schema.org","@graph":[{"@type":"WebPage","@id":"https:\/\/marketingdorivadepaula.com.br\/?page_id=786","url":"https:\/\/marketingdorivadepaula.com.br\/?page_id=786","name":"SOBRE - Marketing do Riva de Paula","isPartOf":{"@id":"https:\/\/marketingdorivadepaula.com.br\/#website"},"datePublished":"2022-10-12T21:57:03+00:00","dateModified":"2023-08-07T20:37:10+00:00","breadcrumb":{"@id":"https:\/\/marketingdorivadepaula.com.br\/?page_id=786#breadcrumb"},"inLanguage":"pt-BR","potentialAction":[{"@type":"ReadAction","target":["https:\/\/marketingdorivadepaula.com.br\/?page_id=786"]}]},{"@type":"BreadcrumbList","@id":"https:\/\/marketingdorivadepaula.com.br\/?page_id=786#breadcrumb","itemListElement":[{"@type":"ListItem","position":1,"name":"In\u00edcio","item":"https:\/\/marketingdorivadepaula.com.br\/"},{"@type":"ListItem","position":2,"name":"SOBRE"}]},{"@type":"WebSite","@id":"https:\/\/marketingdorivadepaula.com.br\/#website","url":"https:\/\/marketingdorivadepaula.com.br\/","name":"Marketing do Riva de Paula","description":"Blog","publisher":{"@id":"https:\/\/marketingdorivadepaula.com.br\/#organization"},"potentialAction":[{"@type":"SearchAction","target":{"@type":"EntryPoint","urlTemplate":"https:\/\/marketingdorivadepaula.com.br\/?s={search_term_string}"},"query-input":"required name=search_term_string"}],"inLanguage":"pt-BR"},{"@type":"Organization","@id":"https:\/\/marketingdorivadepaula.com.br\/#organization","name":"Marketing do Riva de Paula","url":"https:\/\/marketingdorivadepaula.com.br\/","logo":{"@type":"ImageObject","inLanguage":"pt-BR","@id":"https:\/\/marketingdorivadepaula.com.br\/#\/schema\/logo\/image\/","url":"https:\/\/marketingdorivadepaula.com.br\/wp-content\/uploads\/2022\/10\/cropped-logo-original.jpeg","contentUrl":"https:\/\/marketingdorivadepaula.com.br\/wp-content\/uploads\/2022\/10\/cropped-logo-original.jpeg","width":500,"height":500,"caption":"Marketing do Riva de Paula"},"image":{"@id":"https:\/\/marketingdorivadepaula.com.br\/#\/schema\/logo\/image\/"}}]}},"_links":{"self":[{"href":"https:\/\/marketingdorivadepaula.com.br\/index.php?rest_route=\/wp\/v2\/pages\/786"}],"collection":[{"href":"https:\/\/marketingdorivadepaula.com.br\/index.php?rest_route=\/wp\/v2\/pages"}],"about":[{"href":"https:\/\/marketingdorivadepaula.com.br\/index.php?rest_route=\/wp\/v2\/types\/page"}],"author":[{"embeddable":true,"href":"https:\/\/marketingdorivadepaula.com.br\/index.php?rest_route=\/wp\/v2\/users\/1"}],"replies":[{"embeddable":true,"href":"https:\/\/marketingdorivadepaula.com.br\/index.php?rest_route=%2Fwp%2Fv2%2Fcomments&post=786"}],"version-history":[{"count":2,"href":"https:\/\/marketingdorivadepaula.com.br\/index.php?rest_route=\/wp\/v2\/pages\/786\/revisions"}],"predecessor-version":[{"id":880,"href":"https:\/\/marketingdorivadepaula.com.br\/index.php?rest_route=\/wp\/v2\/pages\/786\/revisions\/880"}],"wp:attachment":[{"href":"https:\/\/marketingdorivadepaula.com.br\/index.php?rest_route=%2Fwp%2Fv2%2Fmedia&parent=786"}],"curies":[{"name":"wp","href":"https:\/\/api.w.org\/{rel}","templated":true}]}}